{"id":183,"date":"2011-11-01T10:16:52","date_gmt":"2011-11-01T10:16:52","guid":{"rendered":"https:\/\/jacquesprevert.fr\/?page_id=183"},"modified":"2025-11-21T15:08:06","modified_gmt":"2025-11-21T14:08:06","slug":"les-visites","status":"publish","type":"page","link":"https:\/\/jacquesprevert.fr\/en\/lappartement\/les-visites\/","title":{"rendered":"The visits"},"content":{"rendered":"\n<figure class=\"wp-block-embed is-type-wp-embed is-provider-fatras-la-succession-jacques-pr-vert wp-block-embed-fatras-la-succession-jacques-pr-vert\"><div class=\"wp-block-embed__wrapper\">\n<blockquote class=\"wp-embedded-content\" data-secret=\"GALmUwp9FB\"><a href=\"https:\/\/jacquesprevert.fr\/2025\/11\/06\/visitez-lappartement-de-jacques-prevert-helloasso\/\">Visitez l&rsquo;appartement de Jacques Pr\u00e9vert<\/a><\/blockquote><iframe loading=\"lazy\" class=\"wp-embedded-content\" sandbox=\"allow-scripts\" security=\"restricted\" style=\"position: absolute; visibility: hidden;\" title=\"\u00ab\u00a0Visitez l&rsquo;appartement de Jacques Pr\u00e9vert\u00a0\u00bb &#8212; Fatras, la succession Jacques Pr\u00e9vert\" src=\"https:\/\/jacquesprevert.fr\/2025\/11\/06\/visitez-lappartement-de-jacques-prevert-helloasso\/embed\/#?secret=PxryfFWIk5#?secret=GALmUwp9FB\" data-secret=\"GALmUwp9FB\" width=\"500\" height=\"282\" frameborder=\"0\" marginwidth=\"0\" marginheight=\"0\" scrolling=\"no\"><\/iframe>\n<\/div><\/figure>\n\n\n\n<p>L\u2019association culturelle&nbsp;<strong>Chez Jacques Pr\u00e9vert<\/strong>&nbsp;a pour but de sauvegarder l\u2019appartement de&nbsp;<strong>Jacques Pr\u00e9vert<\/strong>&nbsp;situ\u00e9 au 6 bis cit\u00e9 V\u00e9ron 75018 Paris. Votre visite et votre soutien sont tr\u00e8s importants car le propri\u00e9taire&nbsp;<strong>le Moulin Rouge<\/strong>&nbsp;a demand\u00e9 \u00e0 r\u00e9cup\u00e9rer les lieux au 31 mars 2026.<\/p>\n\n\n\n<p>L\u2019appartement de la cit\u00e9 V\u00e9ron est \u00e0 la fois un mus\u00e9e et un lieu de travail pour l\u2019\u00e9quipe de&nbsp;<strong>Fatras<\/strong>&nbsp;; il est en effet important que la gestion de l\u2019\u0153uvre puisse se faire depuis le lieu de vie de&nbsp;<strong>Jacques Pr\u00e9vert<\/strong>.<\/p>\n\n\n\n<p>Des visites guid\u00e9es sont organis\u00e9es , vous pouvez vous inscrire sur le site&nbsp;<a href=\"https:\/\/www.helloasso.com\/associations\/chez-jacques-prevert\" target=\"_blank\" rel=\"noreferrer noopener\">helloasso<\/a>&nbsp;:<\/p>\n\n\n\n<p><a href=\"https:\/\/www.helloasso.com\/associations\/chez-jacques-prevert\">https:\/\/www.helloasso.com\/associations\/chez-jacques-prevert<\/a><\/p>\n\n\n\n<p>Vous pouvez \u00e9galement adh\u00e9rer \u00e0 l\u2019association culturelle&nbsp;<strong>Chez Jacques Pr\u00e9vert<\/strong>&nbsp;qui a pour but de pr\u00e9server et de conserver l\u2019appartement de&nbsp;<strong>Jacques Pr\u00e9vert<\/strong>&nbsp;situ\u00e9 au 6 bis cit\u00e9 V\u00e9ron 75018 Paris afin de permettre la transmission de son h\u00e9ritage culturel.<\/p>\n\n\n\n<p>En adh\u00e9rant \u00e0 l\u2019association, vous nous permettez de poursuivre cet objectif fix\u00e9 par sa petite fille&nbsp;<strong>Eug\u00e9nie Bachelot Pr\u00e9vert<\/strong>.<\/p>\n\n\n\n<p><a href=\"https:\/\/www.helloasso.com\/associations\/chez-jacques-prevert\/adhesions\/adhesion-2025\">https:\/\/www.helloasso.com\/associations\/chez-jacques-prevert\/adhesions\/adhesion-2025<\/a><\/p>\n\n\n\n<figure class=\"wp-block-image size-large\"><a href=\"https:\/\/jacquesprevert.fr\/wp-content\/uploads\/2025\/11\/credit.Trauner-001.jpg\"><img loading=\"lazy\" decoding=\"async\" width=\"1024\" height=\"701\" src=\"https:\/\/jacquesprevert.fr\/wp-content\/uploads\/2025\/11\/credit.Trauner-001-1024x701.jpg\" alt=\"\" class=\"wp-image-2627\" srcset=\"https:\/\/jacquesprevert.fr\/wp-content\/uploads\/2025\/11\/credit.Trauner-001-1024x701.jpg 1024w, https:\/\/jacquesprevert.fr\/wp-content\/uploads\/2025\/11\/credit.Trauner-001-300x206.jpg 300w, https:\/\/jacquesprevert.fr\/wp-content\/uploads\/2025\/11\/credit.Trauner-001-768x526.jpg 768w, https:\/\/jacquesprevert.fr\/wp-content\/uploads\/2025\/11\/credit.Trauner-001-600x411.jpg 600w, https:\/\/jacquesprevert.fr\/wp-content\/uploads\/2025\/11\/credit.Trauner-001-650x445.jpg 650w, https:\/\/jacquesprevert.fr\/wp-content\/uploads\/2025\/11\/credit.Trauner-001.jpg 1200w\" sizes=\"auto, (max-width: 1024px) 100vw, 1024px\" \/><\/a><figcaption class=\"wp-element-caption\">Jacques et Janine Pr\u00e9vert, Cit\u00e9 V\u00e9ron. Credit : Alexandre Trauner<\/figcaption><\/figure>\n","protected":false},"excerpt":{"rendered":"<p>L\u2019association culturelle&nbsp;Chez Jacques Pr\u00e9vert&nbsp;a pour but de sauvegarder l\u2019appartement de&nbsp;Jacques Pr\u00e9vert&nbsp;situ\u00e9 au 6 bis cit\u00e9 V\u00e9ron 75018 Paris. Votre visite et votre soutien sont tr\u00e8s importants car le propri\u00e9taire&nbsp;le Moulin Rouge&nbsp;a demand\u00e9 \u00e0 r\u00e9cup\u00e9rer les lieux au 31 mars 2026. L\u2019appartement de la cit\u00e9 V\u00e9ron est \u00e0 la fois un mus\u00e9e et un lieu de [&hellip;]<\/p>\n","protected":false},"author":3,"featured_media":0,"parent":13,"menu_order":4,"comment_status":"open","ping_status":"open","template":"","meta":{"footnotes":""},"class_list":["post-183","page","type-page","status-publish","hentry"],"aioseo_notices":[],"_links":{"self":[{"href":"https:\/\/jacquesprevert.fr\/en\/wp-json\/wp\/v2\/pages\/183","targetHints":{"allow":["GET"]}}],"collection":[{"href":"https:\/\/jacquesprevert.fr\/en\/wp-json\/wp\/v2\/pages"}],"about":[{"href":"https:\/\/jacquesprevert.fr\/en\/wp-json\/wp\/v2\/types\/page"}],"author":[{"embeddable":true,"href":"https:\/\/jacquesprevert.fr\/en\/wp-json\/wp\/v2\/users\/3"}],"replies":[{"embeddable":true,"href":"https:\/\/jacquesprevert.fr\/en\/wp-json\/wp\/v2\/comments?post=183"}],"version-history":[{"count":12,"href":"https:\/\/jacquesprevert.fr\/en\/wp-json\/wp\/v2\/pages\/183\/revisions"}],"predecessor-version":[{"id":2671,"href":"https:\/\/jacquesprevert.fr\/en\/wp-json\/wp\/v2\/pages\/183\/revisions\/2671"}],"up":[{"embeddable":true,"href":"https:\/\/jacquesprevert.fr\/en\/wp-json\/wp\/v2\/pages\/13"}],"wp:attachment":[{"href":"https:\/\/jacquesprevert.fr\/en\/wp-json\/wp\/v2\/media?parent=183"}],"curies":[{"name":"wp","href":"https:\/\/api.w.org\/{rel}","templated":true}]}}

<figure class="wp-block-embed is-type-wp-embed is-provider-fatras-la-succession-jacques-pr-vert wp-block-embed-fatras-la-succession-jacques-pr-vert"><div class="wp-block-embed__wrapper">
<blockquote class="wp-embedded-content" data-secret="GALmUwp9FB"><a href="https://jacquesprevert.fr/2025/11/06/visitez-lappartement-de-jacques-prevert-helloasso/">Visitez l&rsquo;appartement de Jacques Prévert</a></blockquote><iframe loading="lazy" class="wp-embedded-content" sandbox="allow-scripts" security="restricted" style="position: absolute; visibility: hidden;" title="« Visitez l&rsquo;appartement de Jacques Prévert » &#8212; Fatras, la succession Jacques Prévert" src="https://jacquesprevert.fr/2025/11/06/visitez-lappartement-de-jacques-prevert-helloasso/embed/#?secret=PxryfFWIk5#?secret=GALmUwp9FB" data-secret="GALmUwp9FB" width="500" height="282" frameborder="0" marginwidth="0" marginheight="0" scrolling="no"></iframe>
</div></figure>



<p>L’association culturelle&nbsp;<strong>Chez Jacques Prévert</strong>&nbsp;a pour but de sauvegarder l’appartement de&nbsp;<strong>Jacques Prévert</strong>&nbsp;situé au 6 bis cité Véron 75018 Paris. Votre visite et votre soutien sont très importants car le propriétaire&nbsp;<strong>le Moulin Rouge</strong>&nbsp;a demandé à récupérer les lieux au 31 mars 2026.</p>



<p>L’appartement de la cité Véron est à la fois un musée et un lieu de travail pour l’équipe de&nbsp;<strong>Fatras</strong>&nbsp;; il est en effet important que la gestion de l’œuvre puisse se faire depuis le lieu de vie de&nbsp;<strong>Jacques Prévert</strong>.</p>



<p>Des visites guidées sont organisées , vous pouvez vous inscrire sur le site&nbsp;<a href="https://www.helloasso.com/associations/chez-jacques-prevert" target="_blank" rel="noreferrer noopener">helloasso</a>&nbsp;:</p>



<p><a href="https://www.helloasso.com/associations/chez-jacques-prevert">https://www.helloasso.com/associations/chez-jacques-prevert</a></p>



<p>Vous pouvez également adhérer à l’association culturelle&nbsp;<strong>Chez Jacques Prévert</strong>&nbsp;qui a pour but de préserver et de conserver l’appartement de&nbsp;<strong>Jacques Prévert</strong>&nbsp;situé au 6 bis cité Véron 75018 Paris afin de permettre la transmission de son héritage culturel.</p>



<p>En adhérant à l’association, vous nous permettez de poursuivre cet objectif fixé par sa petite fille&nbsp;<strong>Eugénie Bachelot Prévert</strong>.</p>



<p><a href="https://www.helloasso.com/associations/chez-jacques-prevert/adhesions/adhesion-2025">https://www.helloasso.com/associations/chez-jacques-prevert/adhesions/adhesion-2025</a></p>



<figure class="wp-block-image size-large"><a href="https://jacquesprevert.fr/wp-content/uploads/2025/11/credit.Trauner-001.jpg"><img loading="lazy" decoding="async" width="1024" height="701" src="https://jacquesprevert.fr/wp-content/uploads/2025/11/credit.Trauner-001-1024x701.jpg" alt="" class="wp-image-2627" srcset="https://jacquesprevert.fr/wp-content/uploads/2025/11/credit.Trauner-001-1024x701.jpg 1024w, https://jacquesprevert.fr/wp-content/uploads/2025/11/credit.Trauner-001-300x206.jpg 300w, https://jacquesprevert.fr/wp-content/uploads/2025/11/credit.Trauner-001-768x526.jpg 768w, https://jacquesprevert.fr/wp-content/uploads/2025/11/credit.Trauner-001-600x411.jpg 600w, https://jacquesprevert.fr/wp-content/uploads/2025/11/credit.Trauner-001-650x445.jpg 650w, https://jacquesprevert.fr/wp-content/uploads/2025/11/credit.Trauner-001.jpg 1200w" sizes="auto, (max-width: 1024px) 100vw, 1024px" /></a><figcaption class="wp-element-caption">Jacques et Janine Prévert, Cité Véron. Credit : Alexandre Trauner</figcaption></figure>

<p>L’association culturelle&nbsp;Chez Jacques Prévert&nbsp;a pour but de sauvegarder l’appartement de&nbsp;Jacques Prévert&nbsp;situé au 6 bis cité Véron 75018 Paris. Votre visite et votre soutien sont très importants car le propriétaire&nbsp;le Moulin Rouge&nbsp;a demandé à récupérer les lieux au 31 mars 2026. L’appartement de la cité Véron est à la fois un musée et un lieu de [&hellip;]</p>
