{"id":731,"date":"2012-05-16T15:01:58","date_gmt":"2012-05-16T15:01:58","guid":{"rendered":"https:\/\/jacquesprevert.fr\/wp-content\/uploads\/2012\/05\/Le-Si\u00e8cle-de-Jacques-Pr\u00e9vert.pdf"},"modified":"2012-05-16T15:01:58","modified_gmt":"2012-05-16T15:01:58","slug":"le-siecle-de-jacques-prevert","status":"inherit","type":"attachment","link":"https:\/\/jacquesprevert.fr\/en\/le-siecle-de-jacques-prevert\/","title":{"rendered":"Le Si\u00e8cle de Jacques Pr\u00e9vert"},"author":3,"featured_media":0,"comment_status":"open","ping_status":"open","template":"","meta":[],"class_list":["post-731","attachment","type-attachment","status-inherit","hentry"],"aioseo_notices":[],"description":{"rendered":"<p class=\"attachment\"><a href='https:\/\/jacquesprevert.fr\/wp-content\/uploads\/2012\/05\/Le-Si\u00e8cle-de-Jacques-Pr\u00e9vert.pdf'>Le Si\u00e8cle de Jacques Pr\u00e9vert<\/a><\/p>\n"},"caption":{"rendered":"<p>Le Si\u00e8cle de Jacques Pr\u00e9vert<\/p>\n"},"alt_text":"","media_type":"file","mime_type":"application\/pdf","media_details":{},"post":null,"source_url":"https:\/\/jacquesprevert.fr\/wp-content\/uploads\/2012\/05\/Le-Si\u00e8cle-de-Jacques-Pr\u00e9vert.pdf","_links":{"self":[{"href":"https:\/\/jacquesprevert.fr\/en\/wp-json\/wp\/v2\/media\/731","targetHints":{"allow":["GET"]}}],"collection":[{"href":"https:\/\/jacquesprevert.fr\/en\/wp-json\/wp\/v2\/media"}],"about":[{"href":"https:\/\/jacquesprevert.fr\/en\/wp-json\/wp\/v2\/types\/attachment"}],"author":[{"embeddable":true,"href":"https:\/\/jacquesprevert.fr\/en\/wp-json\/wp\/v2\/users\/3"}],"replies":[{"embeddable":true,"href":"https:\/\/jacquesprevert.fr\/en\/wp-json\/wp\/v2\/comments?post=731"}]}}

https://jacquesprevert.fr/wp-content/uploads/2012/05/Le-Siècle-de-Jacques-Prévert.pdf

Le Siècle de Jacques Prévert

<p class="attachment"><a href='https://jacquesprevert.fr/wp-content/uploads/2012/05/Le-Siècle-de-Jacques-Prévert.pdf'>Le Siècle de Jacques Prévert</a></p>

<p>Le Siècle de Jacques Prévert</p>
