{"id":2088,"date":"2015-08-04T09:14:46","date_gmt":"2015-08-04T08:14:46","guid":{"rendered":"https:\/\/jacquesprevert.fr\/wp-content\/uploads\/2015\/08\/RE2015paysageA6simpleHD.jpg"},"modified":"2015-08-04T09:16:41","modified_gmt":"2015-08-04T08:16:41","slug":"lumiere_cs6","status":"inherit","type":"attachment","link":"https:\/\/jacquesprevert.fr\/en\/lumiere_cs6\/","title":{"rendered":"Lumie\u0300re"},"author":3,"featured_media":0,"comment_status":"open","ping_status":"open","template":"","meta":[],"class_list":["post-2088","attachment","type-attachment","status-inherit","hentry"],"aioseo_notices":[],"description":{"rendered":"<p class=\"attachment\"><a href='https:\/\/jacquesprevert.fr\/wp-content\/uploads\/2015\/08\/RE2015paysageA6simpleHD.jpg'><img loading=\"lazy\" decoding=\"async\" width=\"300\" height=\"210\" src=\"https:\/\/jacquesprevert.fr\/wp-content\/uploads\/2015\/08\/RE2015paysageA6simpleHD-300x210.jpg\" class=\"attachment-medium size-medium\" alt=\"\" srcset=\"https:\/\/jacquesprevert.fr\/wp-content\/uploads\/2015\/08\/RE2015paysageA6simpleHD-300x210.jpg 300w, https:\/\/jacquesprevert.fr\/wp-content\/uploads\/2015\/08\/RE2015paysageA6simpleHD.jpg 426w\" sizes=\"auto, (max-width: 300px) 100vw, 300px\" \/><\/a><\/p>\n"},"caption":{"rendered":"<p>Rencontres d&#8217;\u00e9t\u00e9 th\u00e9\u00e2tre &#038; lecture en Normandie<\/p>\n"},"alt_text":"","media_type":"image","mime_type":"image\/jpeg","media_details":{"width":426,"height":298,"file":"2015\/08\/RE2015paysageA6simpleHD.jpg","sizes":{"thumbnail":{"file":"RE2015paysageA6simpleHD-150x150.jpg","width":150,"height":150,"mime_type":"image\/jpeg","source_url":"https:\/\/jacquesprevert.fr\/wp-content\/uploads\/2015\/08\/RE2015paysageA6simpleHD-150x150.jpg"},"medium":{"file":"RE2015paysageA6simpleHD-300x210.jpg","width":300,"height":210,"mime_type":"image\/jpeg","source_url":"https:\/\/jacquesprevert.fr\/wp-content\/uploads\/2015\/08\/RE2015paysageA6simpleHD-300x210.jpg"},"normal_post_thumbnail":{"file":"RE2015paysageA6simpleHD-210x210.jpg","width":210,"height":210,"mime_type":"image\/jpeg","source_url":"https:\/\/jacquesprevert.fr\/wp-content\/uploads\/2015\/08\/RE2015paysageA6simpleHD-210x210.jpg"},"full":{"file":"RE2015paysageA6simpleHD.jpg","width":426,"height":298,"mime_type":"image\/jpeg","source_url":"https:\/\/jacquesprevert.fr\/wp-content\/uploads\/2015\/08\/RE2015paysageA6simpleHD.jpg"}},"image_meta":{"aperture":0,"credit":"","camera":"","caption":"","created_timestamp":0,"copyright":"","focal_length":0,"iso":0,"shutter_speed":0,"title":"Lumie\u0300re_CS6","orientation":1}},"post":null,"source_url":"https:\/\/jacquesprevert.fr\/wp-content\/uploads\/2015\/08\/RE2015paysageA6simpleHD.jpg","_links":{"self":[{"href":"https:\/\/jacquesprevert.fr\/en\/wp-json\/wp\/v2\/media\/2088","targetHints":{"allow":["GET"]}}],"collection":[{"href":"https:\/\/jacquesprevert.fr\/en\/wp-json\/wp\/v2\/media"}],"about":[{"href":"https:\/\/jacquesprevert.fr\/en\/wp-json\/wp\/v2\/types\/attachment"}],"author":[{"embeddable":true,"href":"https:\/\/jacquesprevert.fr\/en\/wp-json\/wp\/v2\/users\/3"}],"replies":[{"embeddable":true,"href":"https:\/\/jacquesprevert.fr\/en\/wp-json\/wp\/v2\/comments?post=2088"}]}}

<p>Rencontres d&#8217;été théâtre &#038; lecture en Normandie</p>
