{"id":2020,"date":"2015-02-25T17:20:40","date_gmt":"2015-02-25T16:20:40","guid":{"rendered":"https:\/\/jacquesprevert.fr\/wp-content\/uploads\/2015\/02\/BDef.Pr\u00e9vert_Portrait-de-Janine.jpg"},"modified":"2015-02-25T17:20:55","modified_gmt":"2015-02-25T16:20:55","slug":"bdef-prevert_portrait-de-janine","status":"inherit","type":"attachment","link":"https:\/\/jacquesprevert.fr\/en\/2015\/02\/25\/exposition-les-collages-de-jacques-prevert-a-auneau\/bdef-prevert_portrait-de-janine\/","title":{"rendered":"Pr\u00e9vert Portrait de Janine"},"author":3,"featured_media":0,"comment_status":"open","ping_status":"open","template":"","meta":[],"class_list":["post-2020","attachment","type-attachment","status-inherit","hentry"],"aioseo_notices":[],"description":{"rendered":"<p class=\"attachment\"><a href='https:\/\/jacquesprevert.fr\/wp-content\/uploads\/2015\/02\/BDef.Pr\u00e9vert_Portrait-de-Janine.jpg'><img loading=\"lazy\" decoding=\"async\" width=\"244\" height=\"300\" src=\"https:\/\/jacquesprevert.fr\/wp-content\/uploads\/2015\/02\/BDef.Pr\u00e9vert_Portrait-de-Janine-244x300.jpg\" class=\"attachment-medium size-medium\" alt=\"\" srcset=\"https:\/\/jacquesprevert.fr\/wp-content\/uploads\/2015\/02\/BDef.Pr\u00e9vert_Portrait-de-Janine-244x300.jpg 244w, https:\/\/jacquesprevert.fr\/wp-content\/uploads\/2015\/02\/BDef.Pr\u00e9vert_Portrait-de-Janine.jpg 346w\" sizes=\"auto, (max-width: 244px) 100vw, 244px\" \/><\/a><\/p>\n"},"caption":{"rendered":"<p>Jacques Pr\u00e9vert, &#8220;Portrait de Janine&#8221;, collage sur photographie de Pierre Boucher. Collection priv\u00e9e Jacques Pr\u00e9vert \u00a9 Fatras\/Succession Jacques Pr\u00e9vert<\/p>\n"},"alt_text":"","media_type":"image","mime_type":"image\/jpeg","media_details":{"width":346,"height":425,"file":"2015\/02\/BDef.Pr\u00e9vert_Portrait-de-Janine.jpg","sizes":{"thumbnail":{"file":"BDef.Pr\u00e9vert_Portrait-de-Janine-150x150.jpg","width":150,"height":150,"mime_type":"image\/jpeg","source_url":"https:\/\/jacquesprevert.fr\/wp-content\/uploads\/2015\/02\/BDef.Pr\u00e9vert_Portrait-de-Janine-150x150.jpg"},"medium":{"file":"BDef.Pr\u00e9vert_Portrait-de-Janine-244x300.jpg","width":244,"height":300,"mime_type":"image\/jpeg","source_url":"https:\/\/jacquesprevert.fr\/wp-content\/uploads\/2015\/02\/BDef.Pr\u00e9vert_Portrait-de-Janine-244x300.jpg"},"first_post_thumbnail":{"file":"BDef.Pr\u00e9vert_Portrait-de-Janine-346x355.jpg","width":346,"height":355,"mime_type":"image\/jpeg","source_url":"https:\/\/jacquesprevert.fr\/wp-content\/uploads\/2015\/02\/BDef.Pr\u00e9vert_Portrait-de-Janine-346x355.jpg"},"normal_post_thumbnail":{"file":"BDef.Pr\u00e9vert_Portrait-de-Janine-210x210.jpg","width":210,"height":210,"mime_type":"image\/jpeg","source_url":"https:\/\/jacquesprevert.fr\/wp-content\/uploads\/2015\/02\/BDef.Pr\u00e9vert_Portrait-de-Janine-210x210.jpg"},"full":{"file":"BDef.Pr\u00e9vert_Portrait-de-Janine.jpg","width":346,"height":425,"mime_type":"image\/jpeg","source_url":"https:\/\/jacquesprevert.fr\/wp-content\/uploads\/2015\/02\/BDef.Pr\u00e9vert_Portrait-de-Janine.jpg"}},"image_meta":{"aperture":0,"credit":"","camera":"","caption":"","created_timestamp":0,"copyright":"","focal_length":0,"iso":0,"shutter_speed":0,"title":"","orientation":1}},"post":2019,"source_url":"https:\/\/jacquesprevert.fr\/wp-content\/uploads\/2015\/02\/BDef.Pr\u00e9vert_Portrait-de-Janine.jpg","_links":{"self":[{"href":"https:\/\/jacquesprevert.fr\/en\/wp-json\/wp\/v2\/media\/2020","targetHints":{"allow":["GET"]}}],"collection":[{"href":"https:\/\/jacquesprevert.fr\/en\/wp-json\/wp\/v2\/media"}],"about":[{"href":"https:\/\/jacquesprevert.fr\/en\/wp-json\/wp\/v2\/types\/attachment"}],"author":[{"embeddable":true,"href":"https:\/\/jacquesprevert.fr\/en\/wp-json\/wp\/v2\/users\/3"}],"replies":[{"embeddable":true,"href":"https:\/\/jacquesprevert.fr\/en\/wp-json\/wp\/v2\/comments?post=2020"}]}}

https://jacquesprevert.fr/wp-content/uploads/2015/02/BDef.Prévert_Portrait-de-Janine.jpg

Prévert Portrait de Janine

<p class="attachment"><a href='https://jacquesprevert.fr/wp-content/uploads/2015/02/BDef.Prévert_Portrait-de-Janine.jpg'><img loading="lazy" decoding="async" width="244" height="300" src="https://jacquesprevert.fr/wp-content/uploads/2015/02/BDef.Prévert_Portrait-de-Janine-244x300.jpg" class="attachment-medium size-medium" alt="" srcset="https://jacquesprevert.fr/wp-content/uploads/2015/02/BDef.Prévert_Portrait-de-Janine-244x300.jpg 244w, https://jacquesprevert.fr/wp-content/uploads/2015/02/BDef.Prévert_Portrait-de-Janine.jpg 346w" sizes="auto, (max-width: 244px) 100vw, 244px" /></a></p>

<p>Jacques Prévert, &#8220;Portrait de Janine&#8221;, collage sur photographie de Pierre Boucher. Collection privée Jacques Prévert © Fatras/Succession Jacques Prévert</p>

2015/02/BDef.Prévert_Portrait-de-Janine.jpg

BDef.Prévert_Portrait-de-Janine-150x150.jpg

https://jacquesprevert.fr/wp-content/uploads/2015/02/BDef.Prévert_Portrait-de-Janine-150x150.jpg

BDef.Prévert_Portrait-de-Janine-244x300.jpg

https://jacquesprevert.fr/wp-content/uploads/2015/02/BDef.Prévert_Portrait-de-Janine-244x300.jpg

BDef.Prévert_Portrait-de-Janine-346x355.jpg

https://jacquesprevert.fr/wp-content/uploads/2015/02/BDef.Prévert_Portrait-de-Janine-346x355.jpg

BDef.Prévert_Portrait-de-Janine-210x210.jpg

https://jacquesprevert.fr/wp-content/uploads/2015/02/BDef.Prévert_Portrait-de-Janine-210x210.jpg

BDef.Prévert_Portrait-de-Janine.jpg
