{"id":1463,"date":"2014-02-26T11:25:37","date_gmt":"2014-02-26T11:25:37","guid":{"rendered":"https:\/\/jacquesprevert.fr\/wp-content\/uploads\/2014\/02\/Pr\u00e9vert-R\u00e8gne-animal.jpg"},"modified":"2014-09-17T13:38:44","modified_gmt":"2014-09-17T13:38:44","slug":"prevert-regne-animal","status":"inherit","type":"attachment","link":"https:\/\/jacquesprevert.fr\/en\/2014\/02\/26\/nouvelle-exposition-itinerante-les-collages-de-jacques-prevert-a-wambrechies\/prevert-regne-animal\/","title":{"rendered":"Pr\u00e9vert-R\u00e8gne animal"},"author":3,"featured_media":0,"comment_status":"open","ping_status":"open","template":"","meta":[],"class_list":["post-1463","attachment","type-attachment","status-inherit","hentry"],"aioseo_notices":[],"description":{"rendered":"<p class=\"attachment\"><a href='https:\/\/jacquesprevert.fr\/wp-content\/uploads\/2014\/02\/Pr\u00e9vert-R\u00e8gne-animal.jpg'><img loading=\"lazy\" decoding=\"async\" width=\"203\" height=\"300\" src=\"https:\/\/jacquesprevert.fr\/wp-content\/uploads\/2014\/02\/Pr\u00e9vert-R\u00e8gne-animal-203x300.jpg\" class=\"attachment-medium size-medium\" alt=\"\" srcset=\"https:\/\/jacquesprevert.fr\/wp-content\/uploads\/2014\/02\/Pr\u00e9vert-R\u00e8gne-animal-203x300.jpg 203w, https:\/\/jacquesprevert.fr\/wp-content\/uploads\/2014\/02\/Pr\u00e9vert-R\u00e8gne-animal-695x1024.jpg 695w, https:\/\/jacquesprevert.fr\/wp-content\/uploads\/2014\/02\/Pr\u00e9vert-R\u00e8gne-animal-650x956.jpg 650w, https:\/\/jacquesprevert.fr\/wp-content\/uploads\/2014\/02\/Pr\u00e9vert-R\u00e8gne-animal.jpg 1204w\" sizes=\"auto, (max-width: 203px) 100vw, 203px\" \/><\/a><\/p>\n"},"caption":{"rendered":"<p>Jacques Pr\u00e9vert, &#8220;Le R\u00e8gne animal&#8221;, collage sur illustration. Collection Biblioth\u00e8que nationale de France \u00a9 Fatras\/Succession Jacques Pr\u00e9vert <\/p>\n"},"alt_text":"","media_type":"image","mime_type":"image\/jpeg","media_details":{"width":"1204","height":"1772","hwstring_small":"height='96' width='65'","file":"2014\/02\/Pr\u00e9vert-R\u00e8gne-animal.jpg","sizes":{"thumbnail":{"file":"Pr\u00e9vert-R\u00e8gne-animal-150x150.jpg","width":"150","height":"150","source_url":"https:\/\/jacquesprevert.fr\/wp-content\/uploads\/2014\/02\/Pr\u00e9vert-R\u00e8gne-animal-150x150.jpg"},"medium":{"file":"Pr\u00e9vert-R\u00e8gne-animal-203x300.jpg","width":"203","height":"300","source_url":"https:\/\/jacquesprevert.fr\/wp-content\/uploads\/2014\/02\/Pr\u00e9vert-R\u00e8gne-animal-203x300.jpg"},"large":{"file":"Pr\u00e9vert-R\u00e8gne-animal-695x1024.jpg","width":"695","height":"1024","source_url":"https:\/\/jacquesprevert.fr\/wp-content\/uploads\/2014\/02\/Pr\u00e9vert-R\u00e8gne-animal-695x1024.jpg"},"first_post_thumbnail":{"file":"Pr\u00e9vert-R\u00e8gne-animal-430x355.jpg","width":"430","height":"355","source_url":"https:\/\/jacquesprevert.fr\/wp-content\/uploads\/2014\/02\/Pr\u00e9vert-R\u00e8gne-animal-430x355.jpg"},"article_thumbnail":{"file":"Pr\u00e9vert-R\u00e8gne-animal-650x956.jpg","width":"650","height":"956","source_url":"https:\/\/jacquesprevert.fr\/wp-content\/uploads\/2014\/02\/Pr\u00e9vert-R\u00e8gne-animal-650x956.jpg"},"normal_post_thumbnail":{"file":"Pr\u00e9vert-R\u00e8gne-animal-210x210.jpg","width":"210","height":"210","source_url":"https:\/\/jacquesprevert.fr\/wp-content\/uploads\/2014\/02\/Pr\u00e9vert-R\u00e8gne-animal-210x210.jpg"},"full":{"file":"Pr\u00e9vert-R\u00e8gne-animal.jpg","width":1204,"height":1772,"mime_type":"image\/jpeg","source_url":"https:\/\/jacquesprevert.fr\/wp-content\/uploads\/2014\/02\/Pr\u00e9vert-R\u00e8gne-animal.jpg"}},"image_meta":{"aperture":"0","credit":"","camera":"","caption":"","created_timestamp":"0","copyright":"","focal_length":"0","iso":"0","shutter_speed":"0","title":""}},"post":1461,"source_url":"https:\/\/jacquesprevert.fr\/wp-content\/uploads\/2014\/02\/Pr\u00e9vert-R\u00e8gne-animal.jpg","_links":{"self":[{"href":"https:\/\/jacquesprevert.fr\/en\/wp-json\/wp\/v2\/media\/1463","targetHints":{"allow":["GET"]}}],"collection":[{"href":"https:\/\/jacquesprevert.fr\/en\/wp-json\/wp\/v2\/media"}],"about":[{"href":"https:\/\/jacquesprevert.fr\/en\/wp-json\/wp\/v2\/types\/attachment"}],"author":[{"embeddable":true,"href":"https:\/\/jacquesprevert.fr\/en\/wp-json\/wp\/v2\/users\/3"}],"replies":[{"embeddable":true,"href":"https:\/\/jacquesprevert.fr\/en\/wp-json\/wp\/v2\/comments?post=1463"}]}}

https://jacquesprevert.fr/wp-content/uploads/2014/02/Prévert-Règne-animal.jpg

Prévert-Règne animal

<p class="attachment"><a href='https://jacquesprevert.fr/wp-content/uploads/2014/02/Prévert-Règne-animal.jpg'><img loading="lazy" decoding="async" width="203" height="300" src="https://jacquesprevert.fr/wp-content/uploads/2014/02/Prévert-Règne-animal-203x300.jpg" class="attachment-medium size-medium" alt="" srcset="https://jacquesprevert.fr/wp-content/uploads/2014/02/Prévert-Règne-animal-203x300.jpg 203w, https://jacquesprevert.fr/wp-content/uploads/2014/02/Prévert-Règne-animal-695x1024.jpg 695w, https://jacquesprevert.fr/wp-content/uploads/2014/02/Prévert-Règne-animal-650x956.jpg 650w, https://jacquesprevert.fr/wp-content/uploads/2014/02/Prévert-Règne-animal.jpg 1204w" sizes="auto, (max-width: 203px) 100vw, 203px" /></a></p>

<p>Jacques Prévert, &#8220;Le Règne animal&#8221;, collage sur illustration. Collection Bibliothèque nationale de France © Fatras/Succession Jacques Prévert </p>

2014/02/Prévert-Règne-animal.jpg

Prévert-Règne-animal-150x150.jpg

https://jacquesprevert.fr/wp-content/uploads/2014/02/Prévert-Règne-animal-150x150.jpg

Prévert-Règne-animal-203x300.jpg

https://jacquesprevert.fr/wp-content/uploads/2014/02/Prévert-Règne-animal-203x300.jpg

Prévert-Règne-animal-695x1024.jpg

https://jacquesprevert.fr/wp-content/uploads/2014/02/Prévert-Règne-animal-695x1024.jpg

Prévert-Règne-animal-430x355.jpg

https://jacquesprevert.fr/wp-content/uploads/2014/02/Prévert-Règne-animal-430x355.jpg

Prévert-Règne-animal-650x956.jpg

https://jacquesprevert.fr/wp-content/uploads/2014/02/Prévert-Règne-animal-650x956.jpg

Prévert-Règne-animal-210x210.jpg

https://jacquesprevert.fr/wp-content/uploads/2014/02/Prévert-Règne-animal-210x210.jpg

Prévert-Règne-animal.jpg
