{"id":1402,"date":"2014-01-14T11:32:40","date_gmt":"2014-01-14T11:32:40","guid":{"rendered":"https:\/\/jacquesprevert.fr\/wp-content\/uploads\/2014\/01\/jacques-pr\u00e9vert_Dapr\u00e8s-le-portrait-du-Duc-dUrbin.jpg"},"modified":"2014-01-14T11:32:40","modified_gmt":"2014-01-14T11:32:40","slug":"jacques-prevert_dapres-le-portrait-du-duc-durbin","status":"inherit","type":"attachment","link":"https:\/\/jacquesprevert.fr\/en\/2014\/01\/14\/exposition-les-ecorches-du-20-01-au-07-02-a-toulouse\/jacques-prevert_dapres-le-portrait-du-duc-durbin\/","title":{"rendered":"jacques pr\u00e9vert_D&#8217;apr\u00e8s le portrait du Duc d&#8217;Urbin"},"author":3,"featured_media":0,"comment_status":"open","ping_status":"open","template":"","meta":[],"class_list":["post-1402","attachment","type-attachment","status-inherit","hentry"],"aioseo_notices":[],"description":{"rendered":"<p class=\"attachment\"><a href='https:\/\/jacquesprevert.fr\/wp-content\/uploads\/2014\/01\/jacques-pr\u00e9vert_Dapr\u00e8s-le-portrait-du-Duc-dUrbin.jpg'><img loading=\"lazy\" decoding=\"async\" width=\"204\" height=\"300\" src=\"https:\/\/jacquesprevert.fr\/wp-content\/uploads\/2014\/01\/jacques-pr\u00e9vert_Dapr\u00e8s-le-portrait-du-Duc-dUrbin-204x300.jpg\" class=\"attachment-medium size-medium\" alt=\"\" srcset=\"https:\/\/jacquesprevert.fr\/wp-content\/uploads\/2014\/01\/jacques-pr\u00e9vert_Dapr\u00e8s-le-portrait-du-Duc-dUrbin-204x300.jpg 204w, https:\/\/jacquesprevert.fr\/wp-content\/uploads\/2014\/01\/jacques-pr\u00e9vert_Dapr\u00e8s-le-portrait-du-Duc-dUrbin.jpg 603w\" sizes=\"auto, (max-width: 204px) 100vw, 204px\" \/><\/a><\/p>\n"},"caption":{"rendered":"<p>jacques Pr\u00e9vert, D&#8217;apr\u00e8s le portrait du Duc d&#8217;Urbin, collage. Collection priv\u00e9e Jacques Pr\u00e9vert \u00a9 Fatras\/Succession Jacques Pr\u00e9vert<\/p>\n"},"alt_text":"","media_type":"image","mime_type":"image\/jpeg","media_details":{"width":"603","height":"886","hwstring_small":"height='96' width='65'","file":"2014\/01\/jacques-pr\u00e9vert_Dapr\u00e8s-le-portrait-du-Duc-dUrbin.jpg","sizes":{"thumbnail":{"file":"jacques-pr\u00e9vert_Dapr\u00e8s-le-portrait-du-Duc-dUrbin-150x150.jpg","width":"150","height":"150","source_url":"https:\/\/jacquesprevert.fr\/wp-content\/uploads\/2014\/01\/jacques-pr\u00e9vert_Dapr\u00e8s-le-portrait-du-Duc-dUrbin-150x150.jpg"},"medium":{"file":"jacques-pr\u00e9vert_Dapr\u00e8s-le-portrait-du-Duc-dUrbin-204x300.jpg","width":"204","height":"300","source_url":"https:\/\/jacquesprevert.fr\/wp-content\/uploads\/2014\/01\/jacques-pr\u00e9vert_Dapr\u00e8s-le-portrait-du-Duc-dUrbin-204x300.jpg"},"first_post_thumbnail":{"file":"jacques-pr\u00e9vert_Dapr\u00e8s-le-portrait-du-Duc-dUrbin-430x355.jpg","width":"430","height":"355","source_url":"https:\/\/jacquesprevert.fr\/wp-content\/uploads\/2014\/01\/jacques-pr\u00e9vert_Dapr\u00e8s-le-portrait-du-Duc-dUrbin-430x355.jpg"},"normal_post_thumbnail":{"file":"jacques-pr\u00e9vert_Dapr\u00e8s-le-portrait-du-Duc-dUrbin-210x210.jpg","width":"210","height":"210","source_url":"https:\/\/jacquesprevert.fr\/wp-content\/uploads\/2014\/01\/jacques-pr\u00e9vert_Dapr\u00e8s-le-portrait-du-Duc-dUrbin-210x210.jpg"},"full":{"file":"jacques-pr\u00e9vert_Dapr\u00e8s-le-portrait-du-Duc-dUrbin.jpg","width":603,"height":886,"mime_type":"image\/jpeg","source_url":"https:\/\/jacquesprevert.fr\/wp-content\/uploads\/2014\/01\/jacques-pr\u00e9vert_Dapr\u00e8s-le-portrait-du-Duc-dUrbin.jpg"}},"image_meta":{"aperture":"0","credit":"","camera":"","caption":"","created_timestamp":"0","copyright":"","focal_length":"0","iso":"0","shutter_speed":"0","title":""}},"post":1401,"source_url":"https:\/\/jacquesprevert.fr\/wp-content\/uploads\/2014\/01\/jacques-pr\u00e9vert_Dapr\u00e8s-le-portrait-du-Duc-dUrbin.jpg","_links":{"self":[{"href":"https:\/\/jacquesprevert.fr\/en\/wp-json\/wp\/v2\/media\/1402","targetHints":{"allow":["GET"]}}],"collection":[{"href":"https:\/\/jacquesprevert.fr\/en\/wp-json\/wp\/v2\/media"}],"about":[{"href":"https:\/\/jacquesprevert.fr\/en\/wp-json\/wp\/v2\/types\/attachment"}],"author":[{"embeddable":true,"href":"https:\/\/jacquesprevert.fr\/en\/wp-json\/wp\/v2\/users\/3"}],"replies":[{"embeddable":true,"href":"https:\/\/jacquesprevert.fr\/en\/wp-json\/wp\/v2\/comments?post=1402"}]}}

https://jacquesprevert.fr/wp-content/uploads/2014/01/jacques-prévert_Daprès-le-portrait-du-Duc-dUrbin.jpg

jacques prévert_D&#8217;après le portrait du Duc d&#8217;Urbin

<p class="attachment"><a href='https://jacquesprevert.fr/wp-content/uploads/2014/01/jacques-prévert_Daprès-le-portrait-du-Duc-dUrbin.jpg'><img loading="lazy" decoding="async" width="204" height="300" src="https://jacquesprevert.fr/wp-content/uploads/2014/01/jacques-prévert_Daprès-le-portrait-du-Duc-dUrbin-204x300.jpg" class="attachment-medium size-medium" alt="" srcset="https://jacquesprevert.fr/wp-content/uploads/2014/01/jacques-prévert_Daprès-le-portrait-du-Duc-dUrbin-204x300.jpg 204w, https://jacquesprevert.fr/wp-content/uploads/2014/01/jacques-prévert_Daprès-le-portrait-du-Duc-dUrbin.jpg 603w" sizes="auto, (max-width: 204px) 100vw, 204px" /></a></p>

<p>jacques Prévert, D&#8217;après le portrait du Duc d&#8217;Urbin, collage. Collection privée Jacques Prévert © Fatras/Succession Jacques Prévert</p>

2014/01/jacques-prévert_Daprès-le-portrait-du-Duc-dUrbin.jpg

jacques-prévert_Daprès-le-portrait-du-Duc-dUrbin-150x150.jpg

https://jacquesprevert.fr/wp-content/uploads/2014/01/jacques-prévert_Daprès-le-portrait-du-Duc-dUrbin-150x150.jpg

jacques-prévert_Daprès-le-portrait-du-Duc-dUrbin-204x300.jpg

https://jacquesprevert.fr/wp-content/uploads/2014/01/jacques-prévert_Daprès-le-portrait-du-Duc-dUrbin-204x300.jpg

jacques-prévert_Daprès-le-portrait-du-Duc-dUrbin-430x355.jpg

https://jacquesprevert.fr/wp-content/uploads/2014/01/jacques-prévert_Daprès-le-portrait-du-Duc-dUrbin-430x355.jpg

jacques-prévert_Daprès-le-portrait-du-Duc-dUrbin-210x210.jpg

https://jacquesprevert.fr/wp-content/uploads/2014/01/jacques-prévert_Daprès-le-portrait-du-Duc-dUrbin-210x210.jpg

jacques-prévert_Daprès-le-portrait-du-Duc-dUrbin.jpg
